 Let n be q(-8). Suppose -11*c = -98 - 496. Calculate the highest common factor of c and n.
27
Suppose 5*i + 0*i - 10 = 0, -2 = 2*u - i. Suppose u = 4*c - 57 - 167. What is the highest common factor of c and 7?
7
Let d be (-198)/(-7) + (-2)/7. Let j be 1/3 + 110/(-15). Let o = 35 - j. Calculate the highest common divisor of o and d.
14
Let h be (-2)/6 + (8048/24 - -4). Calculate the highest common divisor of h and 3.
3
Suppose 4*p = 2*h, 4*h - 3*p = -0*h - 5. Let g be h*(-2 + 0) + 7. What is the highest common factor of g and 77?
11
Let p be -9*((-9)/(-3) + -8). What is the highest common divisor of p and 9?
9
Let q = -393 - -830. What is the greatest common factor of q and 23?
23
Let n be 2 + (-200)/(-35) - (-4)/14. Let l be n/2 - (-3 + -3). Calculate the highest common divisor of l and 35.
5
Suppose 0 = -3*p - 2*a + 1576, p = -3*p - 4*a + 2100. Suppose 2*d + p = 4*j, d + 161 = j + 28. What is the highest common divisor of j and 10?
10
Suppose -520 = -j + 379. Calculate the greatest common factor of j and 87.
29
Let x(p) = p**2 - p - 11. Let u be x(0). Let i = 14 + u. Calculate the highest common divisor of i and 9.
3
Let s be ((-4)/(-1))/((-1)/322). Let u = s - -2158. Let i be 4/(-14) + u/105. What is the greatest common factor of 1 and i?
1
Let l = 231 + -204. Calculate the highest common divisor of l and 171.
9
Let d(z) = z**3 + 8*z**2 - 5*z - 6. Let g be d(-8). What is the highest common factor of g and 391?
17
Suppose -7*f = -385 - 1463. Let l be (0/1)/(4/2). Suppose -f = -4*c + a, 5*c + l*c - 337 = 3*a. Calculate the greatest common divisor of c and 13.
13
Let x be -7 + 6 + 1 + 2. Calculate the highest common factor of x and 22.
2
Let y be ((-333)/(-6) + -9)/((-2)/(-44)). What is the greatest common divisor of 93 and y?
93
Let g = -486 + 846. Calculate the greatest common factor of 5 and g.
5
Suppose 0 = -4*v + 8*v + 5*z - 2555, -5*z + 1915 = 3*v. Calculate the greatest common factor of v and 5.
5
Let r(t) = -t**3 + 4*t**2 + 6*t - 2. Let j = 13 + -8. Let b be r(j). Let z = 93 + -90. What is the highest common factor of b and z?
3
Let a be (-9)/(-3)*(0 - 25/(-15)). Suppose 18 = a*d - 17. Let v(n) = 6*n**2 + n. Let z be v(1). Calculate the highest common factor of z and d.
7
Let s be 27/45 + (-222)/(-5). Let r be (-6154)/(-30) - 6/s. Let c = 47 + r. What is the greatest common factor of c and 28?
28
Let o(p) = p**3 - 9*p**2 + 8*p - 11. Let z be o(9). Suppose -h + z = -26. What is the highest common factor of 29 and h?
29
Suppose 7*u - 8*u = -5. Suppose 0 = -2*b + 8, 4*b = 3*h + 2*b - 1. Suppose n = -h*a + 16, u*n + 2*a - 152 = 5*a. What is the greatest common divisor of 7 and n?
7
Let o(g) = -g**2 - 8*g + 2. Let l be o(-8). Suppose -r - l = -9. Calculate the highest common factor of 35 and r.
7
Let b be 3612/54 + (-2)/(-18). Let a = 193 - b. What is the greatest common factor of 14 and a?
14
Let t = 1496 - 1024. What is the greatest common factor of 413 and t?
59
Let v(a) = 2*a**2 + 25*a - 2. Let u be v(-14). What is the greatest common divisor of u and 32?
8
Suppose -6*f = -2 + 8. Let x be -1 - (3 + f)*(-126)/12. What is the greatest common divisor of 40 and x?
20
Let b(l) = l**3 - 4*l**2 - 4*l + 4. Let o be b(5). Let y = o - 7. Let a be (4/y)/(2/8). Calculate the greatest common factor of a and 64.
8
Suppose 30*h + 344 = 38*h. Calculate the greatest common divisor of 559 and h.
43
Let p(m) be the first derivative of -m**4/4 + 2*m**3 + 5*m**2/2 + 16*m - 2. Let v be p(7). Calculate the highest common divisor of 1 and v.
1
Let n = 70 - 37. Suppose 16572 - 5319 = 31*h. Calculate the highest common divisor of h and n.
33
Let j = 135 - 93. Suppose 4*q - 332 = 4*r, 4*q + 4*r - 103 = 237. What is the highest common divisor of j and q?
42
Let s be (384/6 - -8) + 0. Calculate the greatest common factor of 312 and s.
24
Let h(o) be the second derivative of -o**5/20 + o**4/3 + 2*o**3 + 11*o**2/2 - 15*o. Let q be h(6). What is the greatest common factor of q and 99?
11
Let g(z) = -z**3 + 6*z**2 + 16*z + 26. Let o be g(8). What is the highest common divisor of o and 832?
26
Suppose -k - u = -2*k + 46, -5*k + 210 = -u. What is the highest common divisor of k and 1517?
41
Suppose -2*y = 3*y + 4*z - 19, -2*y + 3*z = -3. Let v(c) = 8*c**2 + 147*c + 295. Let w be v(-2). What is the highest common factor of w and y?
3
Let b(d) = -9*d**2 + d + 2. Let g be b(-1). Let f = g - -50. Calculate the highest common divisor of 336 and f.
42
Let d = -32 - -36. Suppose -1452 = d*z - 0*z + 4*j, 5*j = 4*z + 1497. Let p = -253 - z. What is the greatest common factor of 23 and p?
23
Suppose -151 = -o - 5*c, 3*o - 103 - 265 = 2*c. Calculate the highest common divisor of 14 and o.
14
Let n(m) = m**2 + 6*m - 17. Let t be n(-9). What is the greatest common factor of 430 and t?
10
Let p = -1 + 1. Suppose p = -0*u - 3*u + 450. Calculate the greatest common factor of 60 and u.
30
Let i = 236 + -132. Calculate the highest common divisor of i and 13.
13
Let r(q) = -q**3 + 8*q**2 - 5*q - 12. Let j be r(7). Suppose -5*t = -o - 158, 3*t + o - 102 = -j*o. What is the greatest common factor of 16 and t?
16
Suppose 24*w = -5*s + 20*w + 45, -4*s + 5*w = -36. Calculate the highest common factor of 225 and s.
9
Let l = -3 - -5. Suppose -7 = -l*i - 5. Suppose -5*j + 29 = -i. Calculate the highest common divisor of 18 and j.
6
Let j(f) = -f**2 + 13*f + 12. Let h be j(13). Let x be (9/3)/(1 + 0). Suppose z - 9 = x. Calculate the greatest common divisor of h and z.
12
Suppose 3*g + 2*g - 160 = 0. Suppose 0 = 2*p + 68 + 20. Let b = p + 48. Calculate the greatest common factor of g and b.
4
Let k = 2965 - 2645. Calculate the greatest common factor of k and 120.
40
Suppose 2*g - 4*g = -5*t - 7, 2*g + 3*t = 15. Let v = -28 - -40. Suppose 0*x - 4*x = -v. Calculate the highest common factor of g and x.
3
Let h be 26/39 - 35/3. Let f = 77 - h. Let z = -22 + 33. Calculate the greatest common divisor of z and f.
11
Let p = 37 - 7. What is the greatest common divisor of p and 10?
10
Suppose 13*a - 397 - 32 = 0. Suppose -3*w - 4 + 32 = -5*t, -4*w + 40 = -4*t. Calculate the greatest common divisor of w and a.
11
Let x(m) = m**2 - 8*m + 22. Let i be x(4). What is the greatest common divisor of 27 and i?
3
Suppose 3*k - n - 520 = 0, -3*n + 2*n - 4 = 0. Suppose -17 = 5*m + c - 296, -4*c = -3*m + k. Calculate the highest common divisor of m and 70.
14
Let w = 309 + -213. What is the greatest common divisor of w and 512?
32
Let s = 48 - 0. What is the highest common factor of 84 and s?
12
Suppose -p + 3*z + 111 = 0, 5*p + 5*z = 746 - 171. Calculate the greatest common factor of 190 and p.
38
Let t = -25 + 28. Let v be 2 + -4 + t + 6. Calculate the greatest common factor of 56 and v.
7
Let q = -3 + 10. Let d = 7 - q. Suppose -5*k - c - c + 1090 = 0, d = k + 3*c - 205. What is the greatest common factor of 20 and k?
20
Let o be -1 - (-11)/(33/18). Suppose o + 27 = m. What is the greatest common divisor of m and 48?
16
Let y(s) = -2*s**3 + 16*s**2 - 22*s - 1. Let t be y(6). What is the highest common divisor of 209 and t?
11
Let f(i) = -11 + 12*i + 1 - 16*i. Let x(j) = 3*j + 9. Let v(q) = -4*f(q) - 5*x(q). Let w be v(9). What is the greatest common factor of 4 and w?
4
Suppose -271*o + 268*o + 405 = 0. Calculate the greatest common factor of o and 189.
27
Let l = 58 - -32. Suppose -4*f - 2*x + 22 = 0, -3*x + 13 = -2. Let c = f - -7. Calculate the highest common divisor of l and c.
10
Let c = -111 - -74. Let d = c - -57. Let h(q) = 5*q**2 - q + 1. Let t be h(1). Calculate the highest common divisor of d and t.
5
Suppose -3*w = -2 - 1. Let f be (15/(-2))/((w/6)/(-1)). Calculate the highest common divisor of 30 and f.
15
Let o = -96 + 244. Calculate the greatest common factor of o and 333.
37
Let o be (-138)/(-18)*(1 - -38) + 5. Calculate the highest common divisor of o and 32.
16
Let z = 234 - 150. Suppose 0 = 17*x - 3*x - 168. Calculate the highest common divisor of z and x.
12
Let n(d) = 10*d + 3. Let s be n(-9). Let b = s + 133. Let a be 208/3 + 3/(-9). What is the greatest common divisor of a and b?
23
Let s(u) = -12*u - 153. Let a be s(-18). What is the greatest common factor of a and 28?
7
Let t = 4553 - 1457. Let m be (-2)/11 + t/88. What is the greatest common divisor of m and 280?
35
Suppose -3*p = -3